 to base 14
-179a07
What is -2487a3 (base 14) in base 6?
-42503523
Convert -14223323 (base 5) to base 12.
-71ba4
-11112122111120 (base 3) to base 14
-46baa9
3b767 (base 13) to base 6
2214234
What is -11261252 (base 7) in base 5?
-223132230
-123343240 (base 5) to base 4
-2103331312
155505 (base 14) to base 16
b5ca1
What is 875840 (base 9) in base 12?
212560
b9369 (base 14) to base 11
286610
What is 84752 (base 11) in base 15?
2683b
What is 10100110102 (base 3) in base 5?
4102240
-3308279 (base 10) to base 3
-20020002002212
Convert -1231011222 (base 5) to base 14.
-579c79
What is -214023136 (base 7) in base 2?
-110000111100001111010000
What is 2023110122 (base 4) in base 16?
8b51a
Convert 13112111 (base 4) to base 13.
10916
What is 10111001011110011001 (base 2) in base 10?
759705
What is -3335325 (base 6) in base 7?
-1300634
Convert 5338147 (base 10) to base 8.
24272043
What is 4a2a176 (base 11) in base 8?
41255336
What is 29781d (base 15) in base 2?
111101000001111010100
What is 20012122222020 (base 3) in base 16?
325b42
What is -12567686 (base 9) in base 15?
-822dd9
100100001101000000 (base 2) to base 12
71994
Convert 100121201221120 (base 3) to base 7.
61312032
What is -3543541 (base 7) in base 6?
-13333321
Convert -23120201 (base 6) to base 3.
-1100002022201
1464490 (base 12) to base 6
224055100
What is -3489a3 (base 14) in base 4?
-12311100103
Convert 1340004220 (base 5) to base 12.
1199750
32230123 (base 4) to base 15
12c77
What is -4571360 (base 9) in base 14?
-483590
101a4c0 (base 13) to base 7
56315035
What is 125234534 (base 7) in base 11?
45a3577
-19401 (base 16) to base 15
-209a0
What is -10020120222 (base 3) in base 7?
-354110
-1075ac (base 15) to base 2
-10111111011110011111
Convert -3403121 (base 5) to base 15.
-12aab
What is -31002211 (base 4) in base 15?
-10c5d
Convert -4824744 (base 9) to base 5.
-1132133201
Convert 21b6937 (base 12) to base 3.
110011020021121
Convert 2322001221 (base 4) to base 6.
24155333
21043141 (base 5) to base 3
22212202221
103112002001 (base 4) to base 12
1846715
Convert -6673 (base 13) to base 16.
-37d2
What is 13a7044 (base 13) in base 14?
b86981
What is 23714703 (base 8) in base 2?
10011111001100111000011
Convert -79193 (base 13) to base 12.
-a7385
What is -17be41 (base 16) in base 11?
-973086
What is 10000011011010101 (base 2) in base 8?
203325
Convert -101111101001101 (base 2) to base 4.
-11331031
-19deee (base 15) to base 2
-100110100001010101001
What is 1022674 (base 9) in base 2?
10000101011100001110
Convert 4624155 (base 7) to base 8.
2150245
20223333 (base 4) to base 10
35583
Convert 46393 (base 11) to base 2.
10000010111000111
6b59 (base 12) to base 4
2323311
What is -c34005 (base 13) in base 16?
-456d68
-72c58c (base 15) to base 6
-312555240
Convert 213300123 (base 4) to base 5.
20202333
1011210001201110 (base 3) to base 16
101b5b4
273241 (base 9) to base 16
28a0b
Convert -24425 (base 10) to base 8.
-57551
What is 1001010000010010011011 (base 2) in base 13?
66c313
Convert 848056 (base 9) to base 11.
315064
1000100101111111001 (base 2) to base 6
10011401
Convert -210222112221012 (base 3) to base 14.
-17a1893
What is 254245434 (base 6) in base 15?
681ccd
What is -4c892a (base 14) in base 4?
-22003210022
What is -48b55 (base 15) in base 10?
-232055
Convert 43fc (base 16) to base 11.
12092
What is -485ac (base 16) in base 9?
-501473
15626761 (base 9) to base 14
107521c
Convert -340544053 (base 6) to base 11.
-3557904
12513250 (base 6) to base 9
701123
Convert -548541 (base 9) to base 13.
-b6257
30278 (base 12) to base 4
33101330
Convert 15178a (base 12) to base 10.
355354
-421212304 (base 5) to base 16
-1a930b
What is -1010001110001010111 (base 2) in base 4?
-1101301113
-26562601 (base 8) to base 11
-33a9639
Convert -100103301 (base 4) to base 3.
-10101122010
What is -2230122330 (base 4) in base 12?
-2a0850
What is -10423012 (base 5) in base 3?
-11200112221
-1a77a (base 12) to base 11
-27432
What is -2430043 (base 5) in base 9?
-68550
83561 (base 13) to base 4
321213203
Convert -1101111011010001 (base 2) to base 14.
-16b05
What is -121211120211 (base 3) in base 2?
-1010000111010000001
-4100602 (base 7) to base 3
-220202222221
What is -2675ba4 (base 12) in base 11?
-4335401
-123363 (base 9) to base 6
-1333350
What is 11100000001110000010110 (base 2) in base 12?
2563a46
Convert -3014105 (base 6) to base 2.
-100010101101011001
-1301030 (base 6) to base 15
-15c13
-1212023021 (base 4) to base 9
-707065
-b3318 (base 16) to base 11
-4614a1
Convert f735 (base 16) to base 7.
352335
What is 414ffc (base 16) in base 8?
20247774
Convert -100101011101101110 (base 2) to base 3.
-21210111111
What is -b9b383 (base 13) in base 6?
-233325113
Convert 443221012 (base 5) to base 13.
527328
18647 (base 16) to base 6
2050315
What is 3068210 (base 12) in base 3?
122010011001010
31520453 (base 6) to base 16
e2971
-3244423 (base 10) to base 6
-153312251
Convert -130655 (base 11) to base 2.
-110010001111000000
Convert 11423452 (base 8) to base 14.
491318
What is -50313b (base 12) in base 11?
-783881
-1012002010122010 (base 3) to base 14
-239ac35
4044434013 (base 5) to base 7
126501440
What is 5218 (base 11) in base 5?
210131
-1131131304 (base 5) to base 4
-21322200222
3635112 (base 10) to base 9
6750383
Convert 211103 (base 9) to base 3.
20101010010
-16050 (base 15) to base 7
-413565
Convert -11493 (base 12) to base 8.
-55157
102222202222111 (base 3) to base 7
105111616
What is -1f9d4 (base 16) in base 13?
-46c2c
Convert 877075 (base 10) to base 15.
124d1a
Convert -301432 (base 6) to base 14.
-88d6
-11000100001100101011 (base 2) to base 7
-6554636
-112533 (base 13) to base 11
-257425
Convert -1570151 (base 8) to base 13.
-12bcb8
12011221122 (base 3) to base 11
6a719
Convert 111110111001111010100 (base 2) to base 4.
13313033110
-12001221021 (base 3) to base 14
-28546
171d54 (base 14) to base 4
3012101012
2a378c (base 13) to base 12
41b706
What is 1100010110100101100 (base 2) in base 10?
404780
What is 4106203 (base 7) in base 15?
9a0c7
Convert -1102ae (base 16) to base 13.
-300559
Convert 111001111110001 (base 2) to base 12.
15215
What is -68602a5 (base 11) in base 7?
-204022564
Convert d93b9 (base 14) to base 4.
2000020313
Convert -1390db (base 16) to base 13.
-35b84c
What is -1545723 (base 11) in base 12?
-a75563
Convert -10122514 (base 6) to base 10.
-290926
Convert -45ff2 (base 16) to base 5.
-33133311
1002201220 (base 3) to base 13
9b37
What is -146331 (base 8) in base 7?
-305614
14104555 (base 7) to base 16
14075b
What is -778242 (base 15) in base 14?
-a844d2
15262611 (base 8) to base 14
671413
Convert 4122323 (base 6) to base 3.
101000222120
-4702ab (base 13) to base 15
-23466d
13040301 (base 5) to base 4
133021120
Convert -483b2d (base 14) to base 6.
-124530445
32321330 (base 5) to base 10
276465
What is 2de42 (base 15) in base 6?
3102425
Convert -20022020 (base 3) to base 10.
-4596
What is -61504033 (base 7) in base 4?
-103213330102
What is 10102100011102 (base 3) in base 5?
431130031
What is -443440 (base 7) in base 16?
-13105
-240752 (base 8) to base 16
-141ea
What is -4150510 (base 7) in base 2?
-1111001111111001100
What is 1424600 (base 11) in base 7?
26556025
8524 (base 14) to base 9
34445
-5f0a8 (base 16) to base 11
-246529
-122012122102022 (base 3) to base 7
-140510405
Convert 62a0a7 (base 14) to base 9.
6236684
What is 5166015 (base 9) in base 6?
135053452
What is 796dcc (base 15) in base 16?
586b39
15725 (base 8) to base 5
212000
What is -30659 (base 14) in base 11?
-7a592
What is -b1964a (base 12) in base 4?
-22211111122
-264661 (base 9) to base 7
-1240105
111300212 (base 4) to base 8
256046
211571 (base 10) to base 5
23232241
What is -77ae (base 16) in base 12?
-15892
-200201200100 (base 3) to base 11
-231a68
What is 345145552 (base 6) in base 15?
86819e
Convert 10001010100000010100011 (base 2) to base 6.
241135415
Convert 90189 (base 10) to base 15.
1bac9
-13ee9e (base 15) to base 10
-961799
What is -85acc2 (base 14) in base 4?
-101100221122
What is -1b37630 (base 13) in base 14?
-12a8963
What is -2618178 (base 9) in base 14?
-29306d
What is 106276 (base 8) in base 11?
25085
What is -261646 (base 7) in base 16?
-be33
Convert 110333 (base 14) to base 3.
1002022022200
e59b (base 15) to base 5
3023041